Let k = -73 + u. What is the highest common divisor of 15 and k?
15
Let j(p) = 19*p**2 + 2*p. Let a be j(-2). Suppose -4*c - a = -5*c. Calculate the greatest common factor of 48 and c.
24
Suppose 0 = 4*s - s - 60. Calculate the greatest common divisor of s and 5.
5
Let z be (-162)/(-4)*(-3)/((-18)/4). Calculate the highest common factor of 27 and z.
27
Suppose -4*y + y + 4*p + 88 = 0, p - 2 = 0. What is the greatest common factor of y and 4?
4
Let a = -28 + 40. Calculate the highest common factor of a and 30.
6
Let k = 151 + -135. Calculate the greatest common factor of k and 6.
2
Let p be 3/6*2*220. Let y = p - 150. Calculate the greatest common factor of y and 10.
10
Let o = 55 + 49. Calculate the greatest common divisor of 13 and o.
13
Suppose 5*j - 95 = -0*j + 5*a, -2*j + a + 41 = 0. What is the greatest common factor of 2 and j?
2
Let g(n) = -n + 61. Let i be g(0). What is the highest common divisor of i and 61?
61
Let u be 530/2 + (-60)/(-12). What is the highest common divisor of 54 and u?
54
Let p be 3*(7/(-3) + 1). Suppose 352 - 127 = 5*f. Let m be 4*(-1)/(p/f). Calculate the highest common divisor of 5 and m.
5
Let w(p) be the first derivative of 2*p**3/3 - p**2 - 4*p - 3. Let f be w(3). What is the greatest common divisor of f and 64?
8
Let y be (4 - 1) + -2 + 5. Let l(g) = -g**3 + 5*g**2 + 8*g - 2. Let r be l(y). Suppose -6*o + 100 = -o. Calculate the greatest common factor of o and r.
10
Let g = -444 - -639. Suppose g = -z + 4*z. Suppose -4*x + 2*x = -26. Calculate the highest common divisor of z and x.
13
Let s be 4/18 + 68/18. Suppose -4*j + 264 = -t, 2*j - s*t - 132 = -0*j. Calculate the greatest common factor of 6 and j.
6
Let i(h) = h**2. Let o be i(2). Let f be 1/(-3) - 48/18. Let b be ((-2)/4)/(f/96). What is the greatest common factor of b and o?
4
Let j(f) = -f + 1. Let a be j(-1). Let i be -1 + a*28 + -1. Suppose -5*y - 22 = -4*g - 4*y, -3*y = -g. What is the greatest common divisor of i and g?
6
Let b = 2 + 4. Calculate the highest common divisor of b and 18.
6
Let v = -112 - -160. Let p = 0 + 5. Suppose -5*u + q + 56 = 0, -4*q = -p*u - q + 48. Calculate the highest common divisor of v and u.
12
Let s = -198 - -326. Suppose 0 = -x + 3*u + 19, s = 4*x + 2*u + 10. Calculate the highest common factor of 14 and x.
14
Suppose 3*m - 60 = -0*m. Let z(x) = x**3 + x**2 - 2*x + 3. Let u be z(2). Let r = u - 7. What is the highest common factor of r and m?
4
Let j be 52 + 0 - 4*1/2. Calculate the highest common factor of j and 20.
10
Let t = 42 + 35. What is the greatest common divisor of 7 and t?
7
Suppose n - 3*n = -1438. Let k = -488 + n. What is the highest common divisor of 21 and k?
21
Suppose 3*f + 2*f - 95 = 0. What is the highest common factor of f and 152?
19
Suppose 7*t - 240 = 5*t. Let d(i) = 2*i + 5. Suppose 2*z - 10 = -4*c, -c = -z - 0*c + 5. Let v be d(z). Calculate the greatest common factor of t and v.
15
Let m(k) be the second derivative of k**4/12 - k**3/3 - k**2 - 4*k. Let i be m(3). Calculate the highest common factor of 4 and i.
1
Suppose -8*y + 11*y = 945. What is the greatest common divisor of y and 35?
35
Suppose -3*j = -27 - 36. Suppose -2*a + 16 = 2. What is the highest common divisor of a and j?
7
Suppose -i + 5 = 0, -i + 39 = 2*f + 4*i. What is the greatest common divisor of f and 56?
7
Let l = -64 - -74. Calculate the greatest common divisor of 10 and l.
10
Suppose z - 4 = 41. Calculate the greatest common factor of 30 and z.
15
Let i(c) = -c**2 + 3*c. Let d be i(3). Suppose d = 4*g + 17 - 229. Let j be 5/(-20) - g/(-4). What is the greatest common factor of j and 117?
13
Let v be (5 - 4)*(6 + -2). Let f(x) = x**3 - 4*x**2 + x. Let l be f(v). Calculate the highest common divisor of l and 28.
4
Let k = 12 + -5. What is the highest common divisor of k and 2?
1
Suppose -1 - 1 = w. Let v be (-6 + 4)*3/w. Suppose -h + 12 = v*h. Calculate the greatest common factor of h and 24.
3
Suppose -190 = -5*t - 75. What is the highest common factor of t and 115?
23
Suppose 0 = 3*p - 7 + 1. Let s be (p/(-1) + 1)*0. Suppose s = 3*t - 90 - 78. What is the greatest common divisor of 7 and t?
7
Suppose -8 = 2*n - 2*m - 34, 5*n - 55 = -5*m. Let k be n*(-2 - 10/(-4)). Let g = 42 - 12. Calculate the highest common factor of g and k.
6
Let d be (-4 - (-9)/3)*-10. Calculate the greatest common divisor of 2 and d.
2
Suppose 0 = -4*p + 188 + 148. Suppose -2*k - 2*k = -112. Calculate the greatest common factor of p and k.
28
Suppose -7*f + 2*f + 25 = 0. Suppose f*p = 3*u - 93, 4*u = u - 2*p + 114. Calculate the highest common factor of u and 24.
12
Let b(n) = -20*n - 40. Let q be b(-9). Let l be 20/(1/(-1 + 2)). What is the greatest common divisor of l and q?
20
Let i be (1 + -1)/(0 - 2). Suppose -26 = -2*v - n, 5*n - 2 - 8 = i. Suppose 6*f = 2*f + 192. What is the greatest common factor of v and f?
12
Let b(h) = h**2 + 9*h - 3. Let c be b(6). What is the highest common factor of c and 58?
29
Let k = -8 + 13. What is the greatest common divisor of k and 55?
5
Suppose -3*g + 2*g = -2. Suppose -g*f = -40 - 56. What is the greatest common factor of 6 and f?
6
Let v = 1098 + -647. Calculate the greatest common factor of 41 and v.
41
Let h(r) = 2*r + 9. Let i be h(-4). Let x be (20/25)/(i/75). What is the highest common factor of 12 and x?
12
Let w(l) = 6*l**2 - 3 - 4*l + 2*l**2 - 5*l**2. Let d = 4 - 6. Let u be w(d). Calculate the highest common factor of u and 17.
17
Suppose -2*b + 14 = -0*b + 2*k, -4*k - 44 = -5*b. Let v be (-4)/(-10) + 58/5. What is the highest common factor of b and v?
4
Let x(q) = -q**2 - 14*q + 25. Let r be x(-10). What is the greatest common divisor of r and 10?
5
Let z = -4 + 8. Let j(d) = 19*d - 4. Let x be j(z). Calculate the greatest common factor of 8 and x.
8
Let a(k) = -k**2 - 13*k + 14. Let q be a(-13). Calculate the highest common factor of q and 14.
14
Suppose m + 45 = 4*m. Calculate the greatest common divisor of m and 135.
15
Let t be (-2)/(1*2) + 11. Suppose 3 = -2*b - 1. Let o be (b + 0 + 0)*-10. What is the highest common factor of t and o?
10
Let b = 8 - 7. Let l be ((b - -12) + 3)/2. Calculate the greatest common divisor of l and 1.
1
Suppose -c + 28 = -3*y, 0 = 4*y + y - 4*c + 56. Let s be (-14)/(-8) + (-2)/y. Calculate the highest common factor of s and 2.
2
Let d(t) = -t**3 + 10*t**2 + t - 19. Let j be d(8). Let w(i) = i - i**2 + 2*i**2 + 13 - 2*i**2. Let v be w(0). Calculate the highest common factor of j and v.
13
Let v be (-46)/(-11) - 12/66. Suppose 2*b = v*b - 18. Calculate the greatest common divisor of b and 99.
9
Suppose -2*o - 1395 = -5*o. Let d be 3/(18/o)*2. Suppose -5*m + d = -4*y, -m + 3*y + 47 = -y. Calculate the greatest common divisor of 9 and m.
9
Let i = -20 - -25. Suppose 4*u - p = 7, -5*u = 3*p - 15 + 2. Suppose 4*v - u = 2. Calculate the greatest common factor of v and i.
1
Suppose -16 = -0*q - q - 5*l, 5*q - 8 = -l. Calculate the highest common divisor of q and 2.
1
Suppose 3 + 7 = 2*b. Calculate the highest common factor of b and 1.
1
Suppose 4*v + 101 = 2*k + v, -3*k - 5*v + 161 = 0. What is the greatest common factor of k and 78?
26
Let m be (4/(-5))/((-13)/260). What is the greatest common factor of m and 16?
16
Let a be -84 - -1 - (-2 - 0). Let g = -9 - a. Let u(d) = -8*d. Let k be u(-1). Calculate the highest common factor of g and k.
8
Let l be (35/7)/(2 - 1). Calculate the highest common divisor of l and 1.
1
Let k = 404 - 217. Let g = 26 - 9. What is the greatest common factor of k and g?
17
Let k be 1 + (4 - 2)/2. Suppose k*w - 57 = -2*w + 5*p, p = w - 14. Calculate the highest common factor of 91 and w.
13
Suppose l + 0*l = 63. Suppose 0 = -o + x + l, -x - 51 = -o - 4*x. Calculate the greatest common divisor of o and 24.
12
Let g = 422 + -295. Let w be (182/(-2))/(3/(-6)). Let o = w - g. What is the greatest common factor of o and 11?
11
Suppose -4*l = 3*b - 2, -2*l + 6 = b + 3*b. Let c = 5 - l. Calculate the greatest common factor of 12 and c.
6
Let u = 13 - -8. Calculate the greatest common factor of u and 147.
21
Suppose -4*q + 160 = 2*n, -4*n + 6*q - 8*q + 332 = 0. Suppose -h + n = h. What is the greatest common factor of h and 105?
21
Suppose 12 = a - 3*f, -4*f + 2 = 5*a - 1. Let t be (4/a - -2)*3. Calculate the greatest common factor of t and 50.
